1440?
0
Calculate the remainder when 8697743 is divided by 684.
683
Calculate the remainder when 22063 is divided by 59.
56
What is the remainder when 8377 is divided by 348?
25
Calculate the remainder when 32260 is divided by 537.
40
What is the remainder when 58284 is divided by 445?
434
Calculate the remainder when 1206 is divided by 30.
6
What is the remainder when 20364 is divided by 2700?
1464
What is the remainder when 23286 is divided by 23286?
0
Calculate the remainder when 13591 is divided by 7.
4
What is the remainder when 19915 is divided by 107?
13
Calculate the remainder when 1811697 is divided by 549.
546
What is the remainder when 20001 is divided by 1817?
14
What is the remainder when 29776 is divided by 210?
166
Calculate the remainder when 13719 is divided by 653.
6
What is the remainder when 18915 is divided by 1719?
6
Calculate the remainder when 16428 is divided by 245.
13
What is the remainder when 29015 is divided by 90?
35
What is the remainder when 74406 is divided by 1404?
1398
Calculate the remainder when 656 is divided by 209.
29
What is the remainder when 115752 is divided by 19290?
12
Calculate the remainder when 111730 is divided by 8594.
8
Calculate the remainder when 6311 is divided by 915.
821
What is the remainder when 48477 is divided by 135?
12
What is the remainder when 691 is divided by 332?
27
Calculate the remainder when 774790 is divided by 422.
420
Calculate the remainder when 18829 is divided by 782.
61
Calculate the remainder when 339627 is divided by 95.
2
What is the remainder when 47726 is divided by 152?
150
What is the remainder when 269123 is divided by 11?
8
What is the remainder when 11611 is divided by 34?
17
Calculate the remainder when 5572 is divided by 954.
802
What is the remainder when 9385 is divided by 1870?
35
Calculate the remainder when 3552 is divided by 606.
522
What is the remainder when 68984 is divided by 17233?
52
Calculate the remainder when 22780 is divided by 31.
26
Calculate the remainder when 479425 is divided by 247.
245
What is the remainder when 12942 is divided by 304?
174
Calculate the remainder when 533917 is divided by 80.
77
Calculate the remainder when 35832 is divided by 11941.
9
Calculate the remainder when 1241 is divided by 392.
65
Calculate the remainder when 3788 is divided by 629.
14
Calculate the remainder when 3493 is divided by 324.
253
What is the remainder when 39950 is divided by 10?
0
What is the remainder when 8508 is divided by 1198?
122
What is the remainder when 1510551 is divided by 7?
0
What is the remainder when 175552 is divided by 77?
69
Calculate the remainder when 26479 is divided by 21.
19
What is the remainder when 27858 is divided by 7?
5
Calculate the remainder when 103783 is divided by 52.
43
Calculate the remainder when 236141 is divided by 21.
17
What is the remainder when 45119 is divided by 30?
29
Calculate the remainder when 60282 is divided by 413.
397
Calculate the remainder when 237438 is divided by 5.
3
What is the remainder when 2237271 is divided by 25?
21
What is the remainder when 7497 is divided by 101?
23
Calculate the remainder when 724754 is divided by 18.
2
Calculate the remainder when 1629 is divided by 1604.
25
What is the remainder when 12067 is divided by 576?
547
What is the remainder when 880 is divided by 115?
75
Calculate the remainder when 18800 is divided by 427.
12
What is the remainder when 10343 is divided by 354?
77
What is the remainder when 155063 is divided by 162?
29
Calculate the remainder when 24182 is divided by 491.
123
Calculate the remainder when 6688 is divided by 2812.
1064
Calculate the remainder when 2402375 is divided by 669.
665
Calculate the remainder when 55496 is divided by 39.
38
What is the remainder when 13941 is divided by 33?
15
What is the remainder when 165474 is divided by 527?
523
What is the remainder when 191752 is divided by 54?
52
Calculate the remainder when 9398 is divided by 71.
26
Calculate the remainder when 25523 is divided by 729.
8
What is the remainder when 22207 is divided by 35?
17
Calculate the remainder when 39704 is divided by 6572.
272
What is the remainder when 20337 is divided by 20302?
35
Calculate the remainder when 115011 is divided by 57500.
11
Calculate the remainder when 589 is divided by 331.
258
What is the remainder when 5399 is divided by 169?
160
What is the remainder when 20397 is divided by 136?
133
Calculate the remainder when 983 is divided by 19.
14
Calculate the remainder when 20059 is divided by 20049.
10
Calculate the remainder when 563 is divided by 185.
8
Calculate the remainder when 2693 is divided by 1319.
55
What is the remainder when 44747 is divided by 16?
11
What is the remainder when 140357 is divided by 10?
7
Calculate the remainder when 6775 is divided by 397.
26
Calculate the remainder when 10661 is divided by 5192.
277
Calculate the remainder when 583 is divided by 88.
55
What is the remainder when 25791 is divided by 231?
150
Calculate the remainder when 1902 is divided by 188.
22
What is the remainder when 322511 is divided by 24?
23
Calculate the remainder when 225657 is divided by 1106.
33
What is the remainder when 3903 is divided by 47?
2
Calculate the remainder when 30104 is divided by 77.
74
What is the remainder when 953 is divided by 148?
65
Calculate the remainder when 15214 is divided by 7110.
994
What is the remainder when 82698 is divided by 5?
3
What is the remainder when 12258 is divided by 316?
250
Calculate the remainder when 4621 is divided by 811.
566
What is the remainder when 50133 is divided by 91?
83
What is the remainder when 44358 is divided by 6335?
13
What is the remainder when 4403 is divided by 2166?
71
What is the remainder when 1270 is divided by 853?
417
What is the remainder when 131911 is divided by 10146?
13
What is the remainder when 73946 is divided by 255?
251
What is the remainder when 1645727 is divided by 24?
23
Calculate the remainder when 84901 is divided by 187.
3
Calculate the remainder when 103021 is divided by 8582.
37
Calculate the remainder when 626 is divided by 513.
113
What is the remainder when 4154 is divided by 328?
218
Calculate the remainder when 223338 is divided by 87.
9
What is the remainder when 7818534 is divided by 968?
966
What is the remainder when 1623 is divided by 54?
3
Calculate the remainder when 17981 is divided by 486.
485
Calculate the remainder when 3659 is divided by 3652.
7
Calculate the remainder when 4599 is divided by 109.
21
Calculate the remainder when 61826 is divided by 37.
36
What is the remainder when 6916 is divided by 493?
14
What is the remainder when 28247 is divided by 673?
654
Calculate the remainder when 7969 is divided by 1266.
373
What is the remainder when 2423 is divided by 476?
43
What is the remainder when 7305 is divided by 1798?
113
What is the remainder when 7473 is divided by 64?
49
Calculate the remainder when 3681 is divided by 70.
41
Calculate the remainder when 23904 is divided by 680.
104
What is the remainder when 171236 is divided by 30?
26
Calculate the remainder when 462724 is divided by 25.
24
What is the remainder when 119804 is divided by 163?
162
Calculate the remainder when 7948 is divided by 64.
12
Calculate the remainder when 83071 is divided by 20750.
71
Calculate the remainder when 18071 is divided by 3612.
11
Calculate the remainder when 767 is divided by 141.
62
Calculate the remainder when 4345 is divided by 271.
9
What is the remainder when 4827 is divided by 873?
462
Calculate the remainder when 9784 is divided by 27.
10
Calculate the remainder when 14837 is divided by 103.
5
What is the remainder when 337573 is divided by 122?
121
What is the remainder when 2700 is divided by 919?
862
Calculate the remainder when 128022 is divided by 94.
88
Calculate the remainder when 559440 is divided by 30.
0
What is the remainder when 14660152 is divided by 138?
136
Calculate the remainder when 40462 is divided by 109.
23
What is the remainder when 2273 is divided by 252?
5
Calculate the remainder when 1834918 is divided by 135.
133
Calculate the remainder when 1850 is divided by 102.
14
Calculate the remainder when 2111 is divided by 1040.
31
Calculate the remainder when 274694 is divided by 875.
819
